 is the tens digit of 16606906?
0
What is the thousands digit of 314758?
4
What is the ten thousands digit of 273877?
7
What is the ten thousands digit of 928260?
2
What is the hundred thousands digit of 9955754?
9
What is the hundreds digit of 3956187?
1
What is the hundred thousands digit of 750789?
7
What is the ten thousands digit of 203236?
0
What is the millions digit of 3114042?
3
What is the hundred thousands digit of 4478115?
4
What is the hundreds digit of 152034?
0
What is the tens digit of 313568?
6
What is the ten thousands digit of 7975364?
7
What is the ten thousands digit of 266960?
6
What is the thousands digit of 4863840?
3
What is the ten thousands digit of 25359795?
5
What is the ten millions digit of 10301302?
1
What is the ten thousands digit of 93750?
9
What is the hundred thousands digit of 406856?
4
What is the hundreds digit of 172254?
2
What is the ten thousands digit of 5442913?
4
What is the thousands digit of 3177623?
7
What is the hundreds digit of 15008277?
2
What is the hundreds digit of 738638?
6
What is the units digit of 2664586?
6
What is the thousands digit of 206647?
6
What is the millions digit of 11688642?
1
What is the units digit of 222791?
1
What is the hundreds digit of 539304?
3
What is the ten thousands digit of 501911?
0
What is the hundreds digit of 993285?
2
What is the hundreds digit of 15107014?
0
What is the ten thousands digit of 804732?
0
What is the hundreds digit of 9551?
5
What is the thousands digit of 13561662?
1
What is the hundreds digit of 9302465?
4
What is the ten thousands digit of 306079?
0
What is the hundreds digit of 3041905?
9
What is the ten thousands digit of 380386?
8
What is the thousands digit of 231066?
1
What is the ten thousands digit of 1912449?
1
What is the tens digit of 13626?
2
What is the ten thousands digit of 3032678?
3
What is the hundred thousands digit of 700614?
7
What is the ten thousands digit of 844900?
4
What is the thousands digit of 4907304?
7
What is the tens digit of 216539?
3
What is the thousands digit of 34115?
4
What is the ten thousands digit of 4729917?
2
What is the ten thousands digit of 5782349?
8
What is the units digit of 8449446?
6
What is the tens digit of 15897555?
5
What is the hundred thousands digit of 37417490?
4
What is the tens digit of 114318?
1
What is the hundred thousands digit of 2511674?
5
What is the thousands digit of 960012?
0
What is the hundreds digit of 9956452?
4
What is the hundred thousands digit of 7311450?
3
What is the tens digit of 1956719?
1
What is the millions digit of 6970474?
6
What is the hundred thousands digit of 3064551?
0
What is the tens digit of 5661993?
9
What is the units digit of 1991233?
3
What is the units digit of 694355?
5
What is the tens digit of 382705?
0
What is the hundred thousands digit of 244521?
2
What is the tens digit of 226469?
6
What is the thousands digit of 4457?
4
What is the ten thousands digit of 10712576?
1
What is the ten millions digit of 25170320?
2
What is the hundred thousands digit of 1031447?
0
What is the ten thousands digit of 333025?
3
What is the tens digit of 3528389?
8
What is the units digit of 2542390?
0
What is the tens digit of 1179650?
5
What is the thousands digit of 2611002?
1
What is the tens digit of 374071?
7
What is the ten millions digit of 19526569?
1
What is the hundred thousands digit of 7418561?
4
What is the units digit of 13399549?
9
What is the units digit of 904637?
7
What is the units digit of 2572930?
0
What is the units digit of 311502?
2
What is the hundreds digit of 5494871?
8
What is the ten thousands digit of 698626?
9
What is the ten thousands digit of 286238?
8
What is the hundreds digit of 326374?
3
What is the tens digit of 8812664?
6
What is the thousands digit of 2119688?
9
What is the hundreds digit of 6200774?
7
What is the ten thousands digit of 4209283?
0
What is the thousands digit of 1236697?
6
What is the units digit of 749242?
2
What is the thousands digit of 15391194?
1
What is the tens digit of 684681?
8
What is the thousands digit of 1247704?
7
What is the ten thousands digit of 24569661?
6
What is the hundred thousands digit of 432890?
4
What is the units digit of 2578685?
5
What is the thousands digit of 19612847?
2
What is the millions digit of 12048244?
2
What is the hundreds digit of 2738353?
3
What is the millions digit of 3012478?
3
What is the tens digit of 441487?
8
What is the thousands digit of 20231440?
1
What is the hundreds digit of 1058169?
1
What is the hundreds digit of 34827?
8
What is the ten thousands digit of 461156?
6
What is the thousands digit of 2666975?
6
What is the hundred thousands digit of 731145?
7
What is the hundred thousands digit of 16162322?
1
What is the ten millions digit of 15411687?
1
What is the hundred thousands digit of 1428263?
4
What is the millions digit of 2185492?
2
What is the units digit of 1054254?
4
What is the tens digit of 6043521?
2
What is the hundreds digit of 3941717?
7
What is the millions digit of 10012042?
0
What is the hundred thousands digit of 666940?
6
What is the thousands digit of 4152489?
2
What is the hundreds digit of 892120?
1
What is the tens digit of 43701?
0
What is the ten thousands digit of 346622?
4
What is the millions digit of 3259684?
3
What is the ten thousands digit of 45608655?
0
What is the tens digit of 152366?
6
What is the tens digit of 13424762?
6
What is the thousands digit of 274119?
4
What is the units digit of 283588?
8
What is the tens digit of 46130?
3
What is the tens digit of 1122876?
7
What is the ten millions digit of 19254435?
1
What is the hundred thousands digit of 825598?
8
What is the tens digit of 500825?
2
What is the millions digit of 6378255?
6
What is the ten thousands digit of 1288367?
8
What is the hundreds digit of 1014494?
4
What is the units digit of 2306183?
3
What is the thousands digit of 285437?
5
What is the hundred thousands digit of 1049150?
0
What is the ten millions digit of 16308216?
1
What is the units digit of 948972?
2
What is the hundreds digit of 195244?
2
What is the hundreds digit of 292565?
5
What is the thousands digit of 1024838?
4
What is the ten thousands digit of 2418287?
1
What is the tens digit of 5224051?
5
What is the thousands digit of 230044?
0
What is the ten thousands digit of 4365277?
6
What is the units digit of 14773207?
7
What is the tens digit of 14143221?
2
What is the hundred thousands digit of 18072746?
0
What is the hundreds digit of 2568049?
0
What is the ten thousands digit of 99884?
9
What is the tens digit of 47390?
9
What is the thousands digit of 4563910?
3
What is the ten thousands digit of 352342?
5
What is the hundred thousands digit of 1236598?
2
What is the tens digit of 11718?
1
What is the thousands digit of 64964?
4
What is the units digit of 2044995?
5
What is the thousands digit of 216416?
6
What is the hundred thousands digit of 2285179?
2
What is the hundreds digit of 226372?
3
What is the hundreds digit of 282461?
4
What is the hundred thousands digit of 4527453?
5
What is the tens digit of 159892?
9
What is the tens digit of 685684?
8
What is the tens digit of 3879472?
7
What is the units digit of 5149437?
7
What is the hundreds digit of 97246?
2
What is the hundreds digit of 216248?
2
What is the ten thousands digit of 124923?
2
What is the ten millions digit of 13061915?
1
What is the thousands digit of 24142196?
2
What is the units digit of 542125?
5
What is the hundred thousands digit of 107091?
1
What is the tens digit of 34606?
0
What is the thousands digit of 7725687?
5
What is the units digit of 622539?
9
What is the millions digit of 17662524?
7
What is the hundreds digit of 24815879?
8
What is the millions digit of 14274670?
4
What is the units digit of 142989?
9
What is the tens digit of 1455006?
0
What is the ten thousands digit of 330273?
3
What is the ten thousands digit of 673164?
7
What is the hundreds digit of 35636868?
8
What is the hundreds digit of 104446?
4
What is the thousands digit of 195952?
5
What is the hundreds digit of 424182?
1
What is the hundreds digit of 1598500?
5
What is the hundreds digit of 14399167?
1
What is the hundreds digit of 21999537?
5
What is the units digit of 895893?
3
What is the ten thousand